m(b) = -3*b**3 - 3*b**2 - 3*b - 6. Let o be m(-2). What is c(o)?
-2
Let o(p) = 7*p + 6. Let i(q) = 7*q**2 - 1. Let b be i(-1). Let h(j) = -15*j - 13. Let c(l) = b*h(l) + 13*o(l). What is c(1)?
1
Let m be 4/(-12) + 19/3. Suppose -w - m = -4*w. Suppose 1 = -r + w*r. Let n(s) = -8*s**3 + 1. Calculate n(r).
-7
Let w(m) = -m**2 - 6*m + 4. Let o be (-10)/8 - (-9)/(-12). Let q be 7*o*3/6. Determine w(q).
-3
Let d(g) = g**2 + 5*g + 1. Let j(n) = 4*n**2 + 19*n + 5. Let t(w) = -9*d(w) + 2*j(w). Give t(-6).
7
Suppose 2*i = 0, -4*i + 10 = 5*b - 0*i. Let n(o) = -o**3 + 2*o**2 - 4*o + 3. What is n(b)?
-5
Let m = 4 + -8. Let l(h) = -h**3 - 5*h**2 - 2*h. What is l(m)?
-8
Suppose 4*o = -0*o - 8. Let x be o/(-1)*(-3)/(-6). Let g(b) = -3*b + 10*b + 1 - x. Determine g(-1).
-7
Let c(z) = z. Let t(n) be the first derivative of 9*n**2/2 + 3*n + 3. Let k(j) = 6*c(j) - t(j). Calculate k(-3).
6
Suppose -2*t + 6*t + 16 = 4*z, -2*z + 8 = 0. Let c(a) = a**3 + a**2 + a - 14. Determine c(t).
-14
Let p(h) = 2 - 6 + 0*h + 0*h - h - h**3. Calculate p(0).
-4
Let i be ((-24)/(-3) + -3)/1. Let g(z) = 3 + 2*z - i - z - 2. What is g(4)?
0
Let w(x) = x**3 - 13*x**2 - 2. Let i be w(13). Let p(j) = j**2 + 3*j - 2. Calculate p(i).
-4
Let j(s) = -s**3 + 3*s**2 - 4. Suppose -3*x + 104 = -4*q, -2*x + 53 = -x - 5*q. Suppose 2*a = -5*y - 14, -5*a + y + x = 9. Give j(a).
-4
Let o be 6/21 + 130/35. Let n(h) = -14*h**2 + 2 + 0 + 16*h**2 + o*h. Determine n(-3).
8
Let r(b) = -b**2 - b. Let u(t) = -t**3 + 7*t**2 - 6*t - 2. Let h be u(6). Let q be r(h). Let v be 0/(0/1 + q). Let c(l) = -l**3 - l**2 - l - 4. What is c(v)?
-4
Let s(k) = -k**3 + k**2 + k + 1. Let j = -4 - 3. Let z(h) = -h - 18. Let y be z(-11). Let u = y - j. Give s(u).
1
Let q(d) = -d**3 - 4*d**2 + 6*d. Suppose -2*k = -7*k - 25. Determine q(k).
-5
Let k be 4/(-18) - 33/(-27). Let p be 0/2 + 2/k. Let y(i) = -i**3 + 2*i**2 - 4*i - 3. Let u(r) = r + 1. Let m(s) = -4*u(s) - y(s). Determine m(p).
-1
Let o(z) be the third derivative of z**7/2520 + z**6/360 - z**5/60 - 5*z**4/24 + z**2. Let v(p) be the second derivative of o(p). Calculate v(-4).
6
Let i(p) = -18 - p**2 - 2 + 22. Give i(5).
-23
Let f(i) = i**3 - i**2 - i - 1. Let t(w) = 4*w**2 + 5*w - 1. Let q(d) = -f(d) + t(d). Calculate q(6).
0
Let a(n) = -16 + 4*n - 6*n + 11 + 6*n. Let y(m) = 11*m - 15. Let v(c) = -8*a(c) + 3*y(c). Let z = -14 + 20. Calculate v(z).
1
Let i(o) = 9*o**2 + o. Let u be i(-1). Let k be u/20*10*1. Let w(d) = 0 + 0 + 3 - 3*d + 3. Calculate w(k).
-6
Let u(h) = 9 - 4*h - 4 - 1 + h**2. What is u(3)?
1
Let p(j) = j - 6. Suppose 0 = 5*b - 0*b + 25. What is p(b)?
-11
Let g(v) be the third derivative of -v**5/30 + 5*v**4/24 + 2*v**3/3 + 3*v**2. Let n = 1 + 1. Suppose -n*m - 5*a = 9 + 8, -2*m = 2*a + 2. Determine g(m).
-8
Let g(i) = -2*i - 2. Let a be g(-2). Let r(h) = a*h**2 - 2*h**2 - 4*h**3 + 15*h**3. Give r(1).
11
Let j be -4*-2*2/8. Let k(u) = -3*u - j + u + 4*u. Let p be (-24)/(-14) + 4/14. Give k(p).
2
Let n(x) = 4*x. Suppose 0*o - 5 = 5*y - 2*o, 0 = 3*y - 2*o + 7. Give n(y).
4
Let t be 5 + -1 + -1 + 0. Let l(r) = -r**2 - 4*r - 1. Let f be l(-3). Let w(p) = -t*p**f + 3*p - p**2 + 3*p**2 + 0*p**2 - 3. Determine w(2).
-1
Let m(c) = c**2 + 6*c + 4. Let p be m(-6). Let x(y) = p - 4 - 4*y + 3 - y**2. Let f = -2 - 3. Calculate x(f).
-2
Let c(s) = -13*s**2 + s - 1. Let t(k) = 3*k + 6. Let w be t(-4). Let m(o) = 7*o**2 - o. Let y(n) = w*c(n) - 11*m(n). Suppose 5*v + 30 = 10. What is y(v)?
2
Let w(b) = b**3 - 2*b**2 + b. Let h be (0 - 1)/(2/(-2)). Give w(h).
0
Let y(u) be the second derivative of -u**5/20 - u**4/2 - u**3/6 - 3*u**2 + u. Let t = -215 + 209. What is y(t)?
0
Let c(r) = r**3 + 2*r**2 + r - 1. Let b(o) = o - 7. Let n be -1*(-2 + 2/(-2)). Suppose -3*z - n = -18. Let p be b(z). What is c(p)?
-3
Let a(p) = p**2 - 2*p + 3. Let v = 0 - -1. Let g = v + 1. Suppose 0 = -o + g. Determine a(o).
3
Let y(n) = 4*n**3 + 24*n**2 + 20*n - 13. Let m(u) = -u**3 - 6*u**2 - 5*u + 3. Let b(f) = -9*m(f) - 2*y(f). Calculate b(-4).
11
Let c(n) = 11*n**2 - 10*n + 14. Let y(v) = -5*v**2 + 5*v - 7. Let b(h) = 6*c(h) + 13*y(h). Give b(-7).
7
Let k(m) = -m**2 + 1. Let t(r) = 3*r + 2. Let s(h) = -k(h) - t(h). Let v(y) = -y - 3. Let i be v(-9). Let a be (-1)/(i/8)*-3. What is s(a)?
1
Suppose 57 = 22*r + 13. Let l(v) = v**2 - v - 2. Calculate l(r).
0
Let t(y) = y + 7. Suppose -2*o = -o + 7. Calculate t(o).
0
Let p(j) = -5*j**2 + 4*j + 8. Let y(n) = -9*n**2 + 8*n + 16. Let i(z) = 7*p(z) - 4*y(z). What is i(6)?
4
Let u(n) be the third derivative of n**4/12 - n**3/3 + n**2. Give u(-4).
-10
Let h(v) be the second derivative of v**3/6 + v**2 - 17*v. What is h(-7)?
-5
Let k(n) = n. Let w(t) = -2. Let s(m) = 3*k(m) - w(m). Let v = 3 + 0. Give s(v).
11
Let u(v) = -5*v + 4. Let d(j) = -11*j + 9. Let c(m) = -3*d(m) + 7*u(m). Let n(a) = -2*a - 3. Suppose -3*z = -2*z + 2. Let k be n(z). Give c(k).
-1
Let r(a) = 5*a**2 - 5*a**3 + 5*a**3 - 3 + a + a**3 + a. Suppose 3*g = -8*g - 44. Calculate r(g).
5
Let c(t) be the first derivative of t**4/4 + t**3/3 - t**2 + 2*t + 44. Let d = -3 - -5. Calculate c(d).
10
Suppose -o - 4*r - 15 = 0, 8*o + 4*r + 11 = 3*o. Let h(c) = -19*c. Determine h(o).
-19
Suppose -4*y + 2 = -2. Let b be 3*(-3 - (2 - 6)). Let g = y + b. Let v(r) = r**3 - 5*r**2 + 4*r - 1. What is v(g)?
-1
Let l(v) = 8 + v**2 - 9 - 2*v - 3*v. Calculate l(6).
5
Let b(p) be the first derivative of p**4/4 + 2*p**3 + 3*p**2 + 5*p + 6. Calculate b(-5).
0
Let i(q) = -q**3 - 4*q**2 - q - 3. Let s(c) = -c**3 + 2*c**2 - 2*c. Let p = 2 + 0. Let y be s(p). What is i(y)?
1
Suppose 105*c - 28 = 109*c. Let h(w) = w**3 + 8*w**2 + 6*w - 5. What is h(c)?
2
Let f(b) = -13*b - 7. Let u(k) = 6*k + 3. Let c = -13 - -9. Let x(q) = c*f(q) - 9*u(q). Let i be (-2)/8 + 13/4. Determine x(i).
-5
Let j(z) be the third derivative of z**9/60480 - z**8/5040 - z**7/720 + z**6/240 - z**5/15 - 3*z**2. Let s(b) be the third derivative of j(b). Give s(5).
-7
Let i(c) = -c**2 - c + 10. Let t = -4 + 7. Suppose -5*j = -t*s - 2*s - 5, -5*j = s + 1. Calculate i(j).
10
Suppose -4*a + 2*a = -4. Let x(i) = -13*i + 5*i - a + 2. What is x(1)?
-8
Let j(c) = -c**2 - 7*c + 4. Let k be j(-7). Let m(x) = 1 + 2*x + 3*x**3 - k*x**3 - 3*x + 4*x**2 + x**2. Determine m(5).
-4
Let p(n) be the third derivative of n**4/24 + 7*n**3/6 + n**2. Let v be p(-4). Let g(i) = -2*i - 2. Let f(k) = -1. Let s(y) = -3*f(y) + g(y). Give s(v).
-5
Let x(v) = v - 1 + 0 - 3. Let b(i) = -i**3 - 9*i**2 - 8*i + 2. Let m be b(-8). Suppose -m*f + 6 = -0*n + 3*n, -10 = -2*f - 5*n. Determine x(f).
-4
Suppose -3*k + 7*k = 16. Let j(a) = -a - 2. What is j(k)?
-6
Let o(k) = -4 + 4 - 17 + k. Calculate o(7).
-10
Let z(j) = 2*j**2 + 9*j - 7. Let y(i) = i**2 + 4*i - 4. Let v(h) = -5*y(h) + 3*z(h). Determine v(-7).
-1
Let g(y) = -y**3 - 5*y**2 - y + 1. Let l(r) = -r + 5. Let f be l(5). Suppose -2*n - 5 - 5 = f. What is g(n)?
6
Let q(x) = -2*x**2 + 2*x - 1. Let b be 1*(-1)/2*-4. Let y be q(b). Let o(t) be the first derivative of t**2/2 - t - 2. Calculate o(y).
-6
Let d be 3/(-8)*-2 + (-15)/4. Let m be (-12)/(-7) + (-6)/(-21). Let h(r) = 2*r - r + 2 - m*r. Calculate h(d).
5
Let u be (14/(-4))/(3/6 + -1). Let m(f) = f**3 - 8*f**2 + 5*f + 2. Calculate m(u).
-12
Suppose -2*m = 2*m. Let h(i) be the second derivative of -i**6/360 + i**5/120 - i**4/6 + i**3/6 + i. Let n(w) be the second derivative of h(w). Determine n(m).
-4
Suppose 3*f + 25 = 8*f. Let d(l) = -1 + 3 - f*l**2 - 5 - l + 7*l + l**3. Determine d(4).
5
Let f(g) be the second derivative of 0 + 1/2*g**2 + 4*g + 5/6*g**3 + 1/12*g**4. What is f(-3)?
-5
Suppose -3*g + 4*g = -3. Let c(n) be the second derivative of n**6/180 + n**5/40 + n**4/4 - 4*n. Let z(l) be the third derivative of c(l). Give z(g).
-9
Suppose 2*v = -v - 15. Let o be v/(-2) + 1/(-2). Let t(d) = 2*d + 1. Calculate t(o).
5
Let p(y) = 3*y. Let v be p(5). Let c(b) = -v*b + 4 - 3 + 0 + b. What is c(-1)?
15
Suppose 13 + 3 = 4*m. Let o(z) = -11 - 17 + 3*z - 9 + 31. Determine o(m).
6
Suppose -3*r - 9 = 2*q - 0*r, -5*q = -5*r - 15. Let g(v) be the third derivative of 1/6*v**4 - 5/6*v**3 + q*v - 2*v**2 + 0 + 1/60*v**5. Determine g(-5).
0
Let n = -18 + 22. Let f(x) = 11 + 0*x + 3*x - 4 - x**3 + n*x**2 + 0*x**3. Determine f(5).
-3
Let k(g) = -g - 5. Let h be (3/(-1))/((-1)/(-2)). Give k